- 7)?
33
Evaluate -2 - (-7 + -7 + -7).
19
Calculate -18 - (-16 + (25 - 30)).
3
What is the value of -2 + 4 + (1 - 10) - (-15 + 8)?
0
What is 7 - (2 - (-8 + (6 - -4)))?
7
What is 3 + 23 + -19 + -10?
-3
Calculate 7 - (-1 + 1 + 0 + 7).
0
What is the value of (-33 - -77) + -29 + 3?
18
Evaluate -8 - ((12 - 8 - 25) + 3).
10
What is -1 - -2 - (-13 - -10 - (0 - 4))?
0
Evaluate 32 + -29 - (-3 + -17 + (0 - 1)).
24
-2 - -2 - (5 - 5 - (-8 + 7))
-1
Evaluate -2 + 15 + (6 - 22) + 14.
11
What is -5 - (-15 + -10 - -17) - -22?
25
What is the value of 67 + -55 - (8 + (-1 - 2)) - -3?
10
Evaluate (-8 + 12 - (2 + -1)) + (3 - 8).
-2
What is the value of (3 - (-11 + -1)) + (21 - 3)?
33
Evaluate 17 + -1 + 132 + -147.
1
11 + -1 + 51 + -40 - (6 + 0)
15
Evaluate -5 - (6 - (-7 + 22)) - 7.
-3
Calculate -1 - -1 - (187 - 173).
-14
What is (0 + (6 - 2) - 4) + -6 - -12?
6
What is the value of 33 + (-21 - (-9 - (5 - 3)))?
23
What is the value of (-2 + -2 - 17) + (-18 - -13) + 12?
-14
What is the value of 1 + -1 + 110 + -103 - 5?
2
Calculate -14 - (23 - 26 - (-3 + 14)).
0
What is the value of (-2 - 23) + -29 + 43?
-11
Evaluate 1 - 11 - (-36 - -89 - 44).
-19
Calculate (2 - -10) + -58 + 59 + -1.
12
-4 + (7 - -15 - (-2 + 20))
0
What is the value of -17 - (-13 - (17 - 31))?
-18
What is 1 - 4 - -11 - (-6 - -18 - 5)?
1
Calculate 0 + 1 - (-20 - (0 + -18)).
3
(-10 + 11 + 2 - 9 - -38) + -11
21
7 + (0 + -6 - -6 - 9)
-2
-25 + (-29 - (-101 + 13))
34
Evaluate 7 + -412 + 415 + (-1 - -2).
11
What is (-15 - 8) + 32 + (11 - -3)?
23
Calculate -5 + (-7 - (3 - 6 - 6)).
-3
What is the value of -4 + (-12 - -6) + 8?
-2
What is (2 - 6) + (-3 - -1) + 4?
-2
What is 94 - 94 - (0 - -3 - (9 + 2))?
8
15 + -24 + 8 - -8
7
Evaluate -5 + (7 - 4) - (16 + -11 + 8).
-15
Evaluate 6 + (-18 - -16) + 0.
4
What is the value of (0 - (-4 - 34)) + -43?
-5
Evaluate -1 - (-17 + 4 + 2) - -2.
12
(6 - 3) + -19 + (3 - -4)
-9
What is the value of 1 + 2 - (-40 + 10 - -5)?
28
Calculate -3 + (1 - (13 + -9)).
-6
Evaluate 36 + -25 - (-3 + 4 + -3).
13
-1 - ((13 + -6 - 11) + 10 + -3)
-4
What is the value of -12 + -3 + 10 + 19?
14
(34 - -3) + -33 + -1 + 18
21
What is the value of -3 - -1 - (55 - 61) - 2?
2
What is the value of -28 - 0 - (-18 - -25) - -5?
-30
Evaluate 13 + (20 - (28 + 7)).
-2
What is the value of (8 - (3 + 1 - 7)) + (-26 - -21)?
6
Calculate -8 - (-2 + 13 + -9 + 5).
-15
Calculate 4 + -1 + -4 + 8 + -2.
5
Evaluate (-6 - (-2 - -6 - 15)) + 2 + -2.
5
Calculate 299 + -282 + -6 + 1.
12
Calculate (-5 - 12) + 5 + 10.
-2
Evaluate 5 - 0 - ((12 - 15) + 16).
-8
(-14 - -2) + 6 + 6 + 0 - 7
-7
Evaluate 2 - (-2 + 7 + -11).
8
Calculate (13 - 0 - (0 - -7)) + 3.
9
Evaluate (0 - 49) + 14 + -1 + 16.
-20
25 - -10 - (24 - 6)
17
What is the value of -8 - (-2 + -13 + 8 + 2 + 6)?
-9
Calculate -8 - (0 - (9 - -2 - 7)).
-4
Calculate 5 - (10 - (-2 - -10)).
3
Evaluate -8 + (4 - 9) + 1.
-12
Calculate (-3 + 12 - (21 - 6)) + -20.
-26
What is 3 - ((60 - 41) + -2 + -1 + -2)?
-11
Evaluate 10 + -2 + -6 - (-1 + -7 + 0).
10
What is the value of -13 + -3 + -8 + 28?
4
What is the value of (12 - 11 - -7) + (3 - 3)?
8
Evaluate (25 - 15) + -26 + 29.
13
What is the value of -357 + 346 - (-3 - 1)?
-7
What is the value of (97 - 137) + 63 + -1?
22
What is 150 - 155 - (14 - (5 + -1))?
-15
Calculate 13 - (-18 + (18 - 2) - -18).
-3
What is 1 - ((212 - 202) + 4 + 1)?
-14
What is 0 + -14 + 13 - -23?
22
Calculate (22 + -3 - 14) + 7.
12
What is -23 + 58 + -13 - (1 + (1 - -2))?
18
Evaluate 4 + (1 - (5 + 0)) + 21 - 7.
14
-55 + 23 + 32 + 5
5
1 - -9 - (5 + -10 + 12)
3
What is the value of 1 + -4 - (196 - 194)?
-5
-14 + -65 + 81 + 0 + -8
-6
What is the value of 55 + -49 - (15 - -1) - -5?
-5
What is -7 - (12 + (-1 - 0) + (-2186 - -2153))?
15
Calculate 9 + -23 - (7 - (2 - 7)).
-26
Evaluate 22 - (-9 - (24 + -34)).
21
Evaluate 18 + -1 - (-37 - (-42 - 4)).
8
What is the value of (26 - 2) + -44 - -4?
-16
Evaluate 15 + (-6 - (-4 + -8)).
21
-14 + 13 + 5 + (-29 - (2 + 1))
-28
What is (-6 - (2 + 4 + -9)) + -6?
-9
Calculate 7 - (7 - (19 + -8 + 13 + -4)).
20
Evaluate -2 + -4 + (10 - 16) + 6.
-6
Evaluate (-33 - -18) + 35 + -9 + 2 - 6.
7
What is (-5 + 9 - -4) + (6 - 5) + -6?
3
Calculate -13 + 12 + -6 - (-189 - -174).
8
Evaluate -75 + 52 + (2 - -24).
3
Evaluate (-23 - (20 - 62)) + -42.
-23
-1 + (-6 - (6 + -9)) + -3
-7
Calculate 198 + -194 - (-1 - -5).
0
Calculate (-8 - 13 - -28) + -24.
-17
What is the value of -9 + 4 + 1 + (18 - 9) + 5?
10
What is the value of (9 - 9 - 15) + 18?
3
Calculate -29 + (-12 - -44 - -19).
22
7 - (-1 - -3 - ((-12 - -8) + -3))
-2
Calculate -19 + (45 - 55) + 2 + (6 - 1).
-22
Calculate 11 + -25 + 22 + -2.
6
Calculate 1103 - 1132 - (1 + -2 + 3 - 12).
-19
What is (-22 + 31 - (1 - -15)) + 0 + 0?
-7
What is the value of (1 - (-6 + -3)) + -4 - 25?
-19
What is 1 - 10 - (-4 - (6 + 0))?
1
What is 38 + 1 - 7 - (11 + 2 + -6)?
25
What is (-40 - (-22 - -22)) + 12?
-28
Calculate 10 + (-5 - 10) - -9 - 9.
-5
Calculate -9 + -3 + 6 - (-7 + 7 - 6).
0
Calculate 0 + (2 - 2) + 805 + -784.
21
What is -2 - (8 + -6 - -2)?
-6
What is the value of (-45 - -7 - (-26 - -15)) + 11?
-16
Calculate (-21 - 2) + (-9 - (-6 + -12 + 16)).
-30
Evaluate 50 + -39 - (1 - -11).
-1
Calculate -42 + 33 + (-24 - 0) + 4 + 2.
-27
What is (-10 - (-4 + -8)) + (-5 - 34) + 7?
-30
Calculate 2 - (11 + -6 + 9).
-12
-5 + -1 + -4 - -1
-9
What is the value of 1 - (-3 + 19) - (17 + -21)?
-11
What is the value of -4 - (-3 + (7 - 13) + 9)?
-4
What is -2 + 2 + 4 + -11 + 14?
7
What is the value of (6 + -4 - 22) + 112 + -120?
-28
3 + (-14 - (17 + -27))
-1
What is -9 + 16 + -18 + 7 - -6?
2
What is -43 + (3 + (-17 - -19) - (3 - 8))?
-33
-30 + 2 + 29 + -10
-9
What is 5 - (6 + 1 + (-114 - -120))?
-8
7 + (11 - 6) + -6
6
Evaluate -22 - (22 - 0 - 35).
-9
Evaluate (205 + -209 - (2 + 0 + -1)) + -2.
-7
What is 8 + 0 + 0 - (22 + 17 + -44)?
13
What is -23 + 29 + -1 + -1 + -7?
-3
Evaluate 13 + 1 + 0 - (98 + -97).
13
Evaluate -2 + 9 + -17 + (32 - 10).
12
Evaluate -1 + (0 - -19) + 4 - (2 - -5).
15
What is the value of 6 + 5 + -10 + 5 + -43 + 15?
-22
What is -16 + (22 + -8 - 21)?
-23
-46 + (-34 + 5 - -63)
-12
Evaluate -10 + (-15 - -64) - 20.
19
What is (42 - 52) + -34 + 65?
21
What is the value of (-7 - (1 + 3)) + (-2 - 12 - -12)?
-13
What is the value of 104 + -103 - (-4 + (-3 - 1))?
9
(-10 + 9 + 6 - -3) + 7 + 0
15
Evaluate -1 + 27 - (43 + -29).
12
(-3 + 6 - 3) + 8 + (667 - 682)
-7
Calculate (-9 - -3) + 5 + 2 + -10.
-9
4 - ((-11 - -8) + 4 - 11)
14
Evaluate 10 + (21 - (-1 - -25)).
7
What is the value of 3 + -6 + -7 + 5 + (-9 - -6)?
-8
What is -47 + (-11 - -43) - -52?
37
What is 4 - (-11 + 5 + 14)?
-4
What is -5 - ((-8 - -10) + -9) - -12?
14
What is the value of (1 - -4) + (1 + -26 - (190 + -192))?
-18
What is 1 - (-14 - 42 - -30)?
27
What is -4 + 6 + (0 - 0) + 19 + -26?
-5
What is 5 + (-3 + 8 - 2) + 3 - 4?
7
What is 12 + -11 - ((-24 - -10) + 0)?
15
Evaluate 8 + 1 + (1 - (-9 - -16 - -1)).
2
What is (7 - 13) + (5 + 0 - -2)?
1
What is -39 + 47 + 1 + -22?
-13
-14 + (1 + -9 - (-35 + 25))
-12
What is the value of -23 - ((-5 - -1) + 6)?
-25
Calculate (-25 - 2) + 13 - 17.
-31
Calculate 9 + 2 + 0 + -4 + 4 + -9.
2
-3 + -4 + -4 + 5 + -2
-8
31 - (-28 - (33 + -112))
-20
Evaluate 27 + -4 - 5 - (-30 - -36).
12
13 - 11 - (2 - (12 - (9 + -6)))
9
What is -42 + (-22 + 11 - (-18 + -7))?
-28
What is the value of 18 - (-17 - (-31 - 9))?
-5
What is -11 + 49 + -54 + 40?
24
What is the value of 5 + 4 + -3 + 0?
6
Calculate 7 - (4 - (-2 + -9)).
-8
Evaluate (1 - 5) + (22 + -21 - -11).
8
What is the value of -221 + 219 + (-2 + -2 + 4 - 15)?
-17
Calculate 3 - ((-6 - -1) + 0 - -7 - -6).
-5
What is the value of -1 + -2 - (7 - 20 - -8 - -3)?
-1
What is -4 + 2 + (-3 - (1 + -4) - 2)?
-4
Calculate (19 - 44 - -16) + -2 + -2.
-13
Evaluate 5 - 20 - (-38 - -13).
10
Calculate 8 - (3 - (5 - 9) - (2 - 0)).
3
Calculate -215 + 197 + (58 - -4 - 4).
40
Evaluate -1 - (22 - 37 - (4 + (2 - 6))).
14
What is the value of (5 - 14) + 10 - 0?
1
Calculate 507 - 493 - (0 - -6).
8
Calculate (-3 - (-4 - 1)) + 3 - 5.
0
Evaluate (-1 - 0 - 9) + (167 - 163).
-6
Evaluate -5 + (10 + -23 - -4).
-14
Calculate -29 - (-4 + (33 + -17 - 5)).
-36
Calculate 0 - (-10 - (1 + -34)).
-23
Calculate -7 + (-6 - -13) + 0 + -11 + -4.
-15
Evaluate (-17 - (3 + -8)) + 8.
-4
What is the value of (-6 - (8 + 1)) + 13 - (15 + 1)?
-18
Wha